(a) = a**2 + a - 2. Let b be s(g). What is the greatest common factor of 40 and b?
10
Let u be (14 - 3)*-1 - 1. Let w be u*(-1 - (-6)/9). Suppose 4*x - 4*d = 128, -2*x = 2*d - 62 - 2. Calculate the highest common factor of w and x.
4
Let g = 48 + -43. What is the highest common divisor of g and 35?
5
Let m be (-68)/(-2) - (-1)/1. Suppose -m - 1 = -3*l. Let q(p) = 32*p**2 + 2*p. Let g be q(2). What is the greatest common factor of g and l?
12
Suppose -704 = -7*m + 3*m. What is the highest common divisor of m and 16?
16
Let g(f) = f**3 + 3*f**2 + 4. Let w be g(-2). Calculate the highest common divisor of w and 2.
2
Let o(m) = m**2 - 3*m - 14. Let i be o(8). What is the greatest common divisor of i and 13?
13
Suppose 4*f = -3*c + 11, -2*f + 41 = 5*c - f. Calculate the highest common factor of 1 and c.
1
Suppose 2*k - 4*t - 6 = k, -4*t - 24 = -4*k. Calculate the highest common factor of k and 24.
6
Let u(w) = -w**3 + 7*w**2 + 8*w - 7. Let d be u(8). Let g = d + 6. Let a(j) = -25*j + 1. Let p be a(g). What is the highest common factor of 13 and p?
13
Suppose 34*u = 33*u + 3. Calculate the highest common factor of u and 21.
3
Let i = 564 - 391. Suppose -2*x - 23 = -i. Calculate the highest common factor of x and 30.
15
Let i(c) = -c**3 + 5*c**2 - 5*c + 2. Let z be i(4). Let v be (-4)/4 + z/(-2). Suppose 2*u = -v*u + 6. Calculate the highest common factor of u and 1.
1
Let h(g) = g**2 + 2*g. Let y be h(-14). What is the greatest common divisor of 24 and y?
24
Suppose -15*w = -17*w. Suppose 7*h - 2*h - 40 = w. What is the highest common factor of 2 and h?
2
Let l(i) = -16*i + 2. Let t be l(-2). Calculate the highest common divisor of t and 340.
34
Suppose 16 = 3*w - 248. What is the greatest common divisor of 11 and w?
11
Let u(z) = -7*z + 2. Let w = 4 - 6. Let q be u(w). What is the greatest common divisor of q and 80?
16
Let u(k) = -k**2 - 2*k + 55. Let c be u(0). What is the greatest common factor of c and 22?
11
Let m be (-2 - 0 - 0) + 15. What is the greatest common divisor of 52 and m?
13
Let v = -229 - -324. What is the greatest common divisor of v and 38?
19
Let u = -13 + 73. Suppose -2*l + 160 = 2*l. Calculate the highest common divisor of u and l.
20
Let p(g) = -g**3 - 3*g**2 + 6*g - 4. Let k be p(-5). Calculate the highest common divisor of k and 2.
2
Let c(m) = m - 7. Let w be c(9). Calculate the highest common divisor of 2 and w.
2
Suppose m = 5*f - 1 - 9, -f = 5*m - 2. Suppose 3*v - 3 = 3*w, -3*v = -m*w + 3*w - 27. What is the greatest common divisor of 55 and v?
5
Suppose -108 = -3*g - 4*u, 157 = 5*g - 0*g - u. What is the greatest common divisor of 48 and g?
16
Let u(v) = -2*v + 0*v - 3*v - v. Let c be u(-1). What is the greatest common factor of c and 3?
3
Let u(r) = -r**2 + 11*r + 2. Let c be u(11). Suppose c*t - y = -0*y + 48, 4*t = -2*y + 80. Calculate the greatest common divisor of 55 and t.
11
Let v be (3 + 36/(-10))*-5. What is the greatest common divisor of 15 and v?
3
Let z(p) = -2*p**2 + 0*p**3 + 3*p**2 - 2*p + 6*p**3 + p + 1. Let a be z(1). Let x be 1 - -8 - (-8 + a). What is the greatest common factor of 10 and x?
10
Suppose 5*f - 95 = 5*c, 2*f + 2*f - 2*c = 66. Suppose 0 = -2*t + f + 6. What is the highest common divisor of 70 and t?
10
Let c be 12*(-2 + 0)/(-4). Calculate the greatest common factor of c and 6.
6
Suppose 18*a = 6*a + 1716. Calculate the highest common divisor of 13 and a.
13
Suppose -4*b + 8 = -12. Suppose 0*c = -b*c. Suppose k + 2*r - 36 = c, 3*r - 44 = -k - r. What is the greatest common factor of k and 4?
4
Let w = -361 + 505. Let x(i) = -i**3 - i**2 + 2*i + 4. Let c be x(-3). Calculate the greatest common factor of c and w.
16
Let c be (-3)/(-1) + -2 + 2 + -2. Calculate the highest common divisor of 2 and c.
1
Suppose -3*i + 51 = -2*y, 4*i - 46 - 26 = 4*y. Calculate the greatest common factor of i and 15.
15
Let l(b) = -b**2 - 8*b - 5. Let w be l(-6). Let k(d) = 3*d - 4. Let a be k(8). Let z = 34 - a. Calculate the greatest common factor of z and w.
7
Let z = 101 + -31. Calculate the greatest common factor of z and 10.
10
Let p be (2 - (-8)/(-6))*3. Let d(q) = 7*q - 6*q - q**p - q**3 + 2*q**3. Let u be d(3). What is the highest common divisor of 14 and u?
7
Let k(v) = -27*v + 5. Let z be k(-6). Let d = z - 102. Suppose 6*j - d = j. Calculate the highest common factor of 117 and j.
13
Let z be ((-4)/5)/((-8)/20). Suppose -2*p = -4*p - z. Let f be (-2)/(-2)*p + 78. Calculate the greatest common divisor of f and 7.
7
Let m = 0 + 3. Let s(i) = 5*i - 2*i - 3 - 6*i. Let a be s(-9). What is the greatest common divisor of m and a?
3
Let k = -8 - -11. Suppose -o + 12 = k*o. Suppose 111 = 5*f - 54. Calculate the highest common divisor of f and o.
3
Suppose 3*v - 76 = -y, 3*y - 4*v - 31 = 197. What is the highest common factor of 19 and y?
19
Suppose -4 = s - 3*s. Suppose -4*u - 8 = 0, -z + 5*u = s*z - 175. Calculate the greatest common factor of 22 and z.
11
Let h = 80 + -79. What is the greatest common factor of h and 9?
1
Let o be -3 + 1 + (0 - -13). Let t be (-814)/6 - (-2)/(-6). Let q = 235 + t. What is the greatest common factor of o and q?
11
Suppose t - 30 = -0*t. Suppose 10 - 25 = 5*i. Let u be 20/2 - (1 + i). Calculate the highest common factor of u and t.
6
Let b(m) = -9 - 1 - 3*m + 1. Let a be b(-6). Let n(l) = 4*l + 15. Let g be n(12). Calculate the highest common divisor of g and a.
9
Suppose 7 = 4*v + 2*h - 345, 0 = -2*v + 4*h + 196. Let k be v/21 + 2/(-7). Suppose -104 = -0*b - k*b. Calculate the greatest common factor of 13 and b.
13
Let c(v) = -4*v + 12. Let y(r) = -r. Let t(i) = c(i) - 5*y(i). Let k be t(-8). What is the highest common factor of 4 and k?
4
Suppose 0 = 3*c - 0*c - 9, 0 = -2*r + 5*c - 13. Suppose o = r + 2. Calculate the highest common divisor of o and 3.
3
Let d(p) = p**3 - 7*p**2 + 9*p - 5. Let l be d(6). What is the greatest common factor of l and 65?
13
Let o = -19 - -28. Suppose 2*d + 3 = 3*d. Calculate the highest common divisor of o and d.
3
Let n be 20/(-30) - 5/(-3). What is the greatest common factor of n and 3?
1
Let s = 26 - 16. Calculate the highest common factor of s and 2.
2
Let n be (-21)/(-1) - (-6 - -5). Let p = n + -11. What is the greatest common factor of 22 and p?
11
Let x be (6/(-8))/(2/(-24)). Suppose i = -0*i + 2*t - 1, -2*i + t + 13 = 0. What is the highest common factor of i and x?
9
Suppose 0 = 2*u + 5*x - 7 - 18, 44 = 3*u + x. Let q be (-2)/8 - 1/(-4). Suppose q*p - 4*p = -24. What is the greatest common factor of u and p?
3
Suppose 0 = 2*p + 9 - 121. What is the highest common divisor of 14 and p?
14
Suppose -7 - 410 = -u. Suppose y + u = 4*x, y - 2*y - 105 = -x. Suppose 4*i - 2*c - 72 = 2*c, -c = 5. Calculate the highest common divisor of i and x.
13
Let n = 7 + -7. Suppose 3*h = -n*h + 48. What is the greatest common factor of h and 40?
8
Suppose 4*s - s + n = 4, 0 = -2*s + 2*n + 8. Suppose s*l + 14 = -0. Let t be 1/(-2)*(l - 1). What is the highest common factor of t and 28?
4
Suppose j + 4*w + w = 16, 5*j + 5*w = 100. What is the greatest common divisor of j and 42?
21
Let s = -14 + 20. Let h(k) = -k**3 + 5*k**2 + 8*k + 2. Let d be h(s). What is the highest common divisor of 35 and d?
7
Let y = 27 + 1. Suppose -3*m - 75 = -2*z, -114 = -3*z - 0*z + 4*m. What is the highest common divisor of y and z?
14
Suppose 10 = -3*n + 40. What is the highest common factor of 5 and n?
5
Let v(t) = t + 7. Let u be v(-7). Suppose -5*d - 2*i + 61 = u, 0 = -4*i - 11 + 3. Calculate the highest common factor of d and 65.
13
Let k be (10/(-25))/(1/(-70)). Suppose -g + 6 = -0. Let t be (10 + -4)/(g/4). Calculate the highest common divisor of t and k.
4
Suppose c - 20 = -u, -5*c - u + 74 = -34. Suppose 0*z - 16 = 2*z - 4*v, 5*z + v - 15 = 0. Calculate the greatest common divisor of z and c.
2
Let h = 20 + 6. Suppose 3*y + h - 131 = 0. Let t = -1 + 8. What is the greatest common factor of y and t?
7
Let u be (3 - (-18)/(-8))*8. What is the greatest common factor of u and 6?
6
Suppose -19 = 3*c - 2*h, 5*c - 4*h + 36 - 1 = 0. Let w(i) = 5*i + 4*i**2 - 3 - 2*i**2 - 2*i. Let l be w(c). Calculate the highest common factor of l and 66.
6
Suppose -3*p - 2*p + 3*i = -91, i + 87 = 5*p. Let j be p - (-5)/((-5)/3). Calculate the highest common factor of 70 and j.
14
Let p = 2 